2 + 2 + 2*k**r - 3*k - 6 - 2. List the prime factors of s(6).
2, 3
Let f(u) = u**3 + 13*u**2 - 28*u - 9. List the prime factors of f(-12).
3, 157
Suppose 3*g - 177 = t, 2*g + 2*t - 185 = -67. Suppose -6 = -5*z + g. Suppose -5*d + z = -17. What are the prime factors of d?
2, 3
Let s = -32 - -40. What are the prime factors of (33 - (12/s)/3)*2?
5, 13
Let r(o) = -373*o - 1. What are the prime factors of r(-1)?
2, 3, 31
Let t = -14 + 19. Suppose -o = -5*o - y - 21, 5*y = 5*o - t. What are the prime factors of 728/20 + o/10?
2, 3
Suppose 2*q + 5*j - 1794 = 0, 393 = q - 5*j - 519. What are the prime factors of q?
2, 11, 41
Suppose 71*k - 2735 = 2448. What are the prime factors of k?
73
Let b be 4 - (5 - 0 - 3). Suppose 4*y = -5*i + 40, 2*i + 2 = -0*i + b*y. Suppose i*l - 124 = 40. What are the prime factors of l?
41
Let s(i) = 0 + 5*i - 2*i - 10*i - 7. What are the prime factors of s(-11)?
2, 5, 7
Let z = -100 + 91. List the prime factors of 3/z*3 + 75.
2, 37
Let b = 33 - 29. Suppose 0 = -b*o + 3*o - 2*j + 11, o - 20 = -5*j. Suppose 0 = -a + 14 + o. List the prime factors of a.
19
Let j(w) = w**3 + 12*w**2 + 12*w + 14. Let h = 14 + -25. Let a be j(h). Suppose a*v - 4*v - 18 = -l, v = 5*l - 78. List the prime factors of l.
3, 5
Let i be 6*3*((-2428)/(-18) + 1). List the prime factors of i/10 + 8/20.
5, 7
Suppose 0 = 7*u - 6478 + 2565. What are the prime factors of u?
13, 43
Suppose -8 = -4*y + 4*p, 5*y + 11 = -4*p + 2*p. Let b be ((-6)/18)/(y/87). Suppose 25*j - b = 24*j. What are the prime factors of j?
29
Let s(v) = -10 + 4*v**2 + v**3 + 8*v**2 - 1 - 6*v - 7*v. List the prime factors of s(-12).
5, 29
Suppose 404*x = 397*x + 12614. What are the prime factors of x?
2, 17, 53
Suppose 4*h + 25 = 5*h + 5*x, -2*h - 15 = -3*x. Suppose 15 = -3*c, 4*j - 2*c + h*c = 58. What are the prime factors of 2/8 + 285/j?
2, 3
Let u(s) = s**2 + 3. Let g be u(0). Let v(x) = 3*x**g - 12*x**3 + 9*x**2 + 5*x + 8*x**3 - 12. What are the prime factors of v(9)?
3, 11
Let i(k) = k**3 - 7*k**2 + 8*k - 9. Let b be i(6). Suppose 0 = b*q - 303 - 75. Let o = q + -76. List the prime factors of o.
2, 5
Let l = 460 - -280. What are the prime factors of l?
2, 5, 37
Let o be 4 - (-2)/(-1 + -1). What are the prime factors of 45 + (-3)/(o/(-4))?
7
Let c(y) = 280*y + 483. What are the prime factors of c(3)?
3, 7
Let i(t) = 6*t + 4. Let o be i(2). Suppose q = o + 26. What are the prime factors of 12/q + (-145)/(-7)?
3, 7
Let v(y) = 7 - 26*y - 26 + 6 - y. List the prime factors of v(-4).
5, 19
Suppose -3*w + 114 = -6*w. Let a = w - -67. List the prime factors of a.
29
Suppose 8*t - 20*t = -36. What are the prime factors of (-8)/t*15/(-4)?
2, 5
Suppose -3599 - 289 = -c. What are the prime factors of c?
2, 3
Let l be 6/(((-36)/8)/(-3)). Suppose 3*v = -n + 220, 4*n + 248 + 56 = l*v. What are the prime factors of v?
2, 37
Let c(z) = 73*z**3 + 4*z**2 - 2. Let g = -48 - -49. List the prime factors of c(g).
3, 5
Let b be 2*(-1)/((-4)/(-106)). What are the prime factors of ((-9)/(-6))/(-1)*(b + 5)?
2, 3
Let s = -50 - -208. What are the prime factors of s/((-3)/(3/(-2)))?
79
Let w(x) be the second derivative of 10*x**3/3 - 5*x**2/2 - 9*x. List the prime factors of w(2).
5, 7
Suppose 3*s = 6*s - 5*w - 24, 2*s - 2*w - 12 = 0. Let f be (s + -19)*5/(-2). Let p = 60 - f. List the prime factors of p.
2, 5
Let c(w) = -w**2 + w + 2. Let n be c(-5). Let l = 34 - n. Suppose 2*t - l = -14. What are the prime factors of t?
2, 3
Let q = 10 + -7. Suppose 4*n + 54 = 4*c - q*c, 2*c - 96 = 4*n. List the prime factors of c.
2, 3, 7
Let a be (-1 - -2) + -1*(-492 + 5). Suppose -3*x - a = -7*x. List the prime factors of x.
2, 61
Let c be (3/1 - 3)/(-1). Suppose 4*d + c = 24. Let v = d + 2. List the prime factors of v.
2
Let n = -151 + 211. Let h = n - 35. What are the prime factors of h?
5
Suppose -2*d + 56 = -86. Let j = -30 + d. List the prime factors of j.
41
Let z be (-2)/3*57/(-19). Suppose -6*a - 10 - z = 0. List the prime factors of (-5 + 4)/(a/70).
5, 7
Let x be (3 + -2)*-1 - -7. Suppose -3*r + x*r + 29 = -5*f, -2*r - 2 = -f. List the prime factors of (18*1)/(-2)*r.
3
Let h(g) = -g**3 + 14*g**2 - 2*g - 9. Let y be h(13). Let j = 291 - 199. Let w = y - j. What are the prime factors of w?
2, 3, 7
Let n(f) be the second derivative of -f**5/20 - 13*f**4/6 + 10*f**3/3 + 5*f**2/2 + 8*f. What are the prime factors of n(-27)?
2, 97
Let l(f) = -f**3 + 16*f**2 + 36*f - 3. List the prime factors of l(-10).
2237
Let t = 86 + -126. Let u = -24 - t. List the prime factors of u.
2
Suppose -s = -4, -k + 3*s = -s - 1505. List the prime factors of k.
3, 13
Let o(j) = -j**3 - 10*j**2 + 2. Let g be o(-10). Let m be (3 + 0)*(g - 1). Suppose -13 - 47 = -m*n. List the prime factors of n.
2, 5
Suppose 8 = 5*v - v. Suppose 0 = -0*c + v*c - 12. List the prime factors of c.
2, 3
List the prime factors of (4/3)/((-40)/(-58380)).
2, 7, 139
Let t(r) = 5 + 2 + r**2 - 3 - 5*r. Let o be t(5). List the prime factors of 90/o - 3/(-6).
23
Let d(c) = c**3 - c**2 + 7*c + 0*c**2 + 7 - 6*c**2. List the prime factors of d(6).
13
Let p(z) = 4*z**2 - 9*z - 8. Suppose -4*q - 2 = 6. Let m(r) = 3*r**2 - 8*r - 7. Let v(x) = q*p(x) + 3*m(x). What are the prime factors of v(8)?
11
Let o(f) = -f**3 + f**2 + f. Let b be o(-1). Let x be (3/(-2))/(b/(-2)). Suppose 0 = -x*g - 2*k + 36, -2*g + k = -2*k - 37. List the prime factors of g.
2, 7
Suppose 209 = o - 4*n, 0*o - 2*o + 5*n = -430. List the prime factors of o.
3, 5
Let o(s) = -2*s**2 + 13*s - 11. Let z be o(5). Let g = 28 + z. Let c = g - 23. What are the prime factors of c?
3
Suppose 3*d - 36 = 3*s, 0 = -4*s + 3*d + 7 - 52. Let c be 19/(-3) + 6/s. Let m(u) = -u**2 - 10*u - 3. What are the prime factors of m(c)?
2, 3
Let z(l) = 5*l + 3 + 0*l**2 - 4 + 7*l**2 - 30*l. List the prime factors of z(5).
7
List the prime factors of (-6)/(-48) + (-4863)/(-8).
2, 19
List the prime factors of -1102*6/4*(-18)/54.
19, 29
Let r = 23 - 17. Suppose s = r*s - 455. List the prime factors of s.
7, 13
Suppose -m - 3*m = -72. Let d = 18 - m. Suppose d = -x + 29 - 4. What are the prime factors of x?
5
Suppose 0 = -7*s + 10*s. Let k(z) = 2*z + 60. List the prime factors of k(s).
2, 3, 5
Let m be 4/(6/(0 + 3)). Suppose 168 = m*w - 18. What are the prime factors of w?
3, 31
Let l(j) be the first derivative of 7*j**3/3 - j**2/2 - j - 288. Let h be (2/2)/((-1)/1). List the prime factors of l(h).
7
Suppose 5*i + 0 - 28 = 4*u, -15 = -3*i + 3*u. Suppose 3*z + 140 = i*z. What are the prime factors of z?
2, 7
Let n be 3*(-8)/(-6)*(-18)/8. What are the prime factors of (-708)/(-20) - n/15?
2, 3
Suppose -104*o = -128*o + 25848. What are the prime factors of o?
3, 359
What are the prime factors of 0 + 7528/4 - 0/1?
2, 941
Suppose 5*j = -2*w + 6*j + 1273, -w = 4*j - 650. List the prime factors of w.
2, 11, 29
List the prime factors of 16126/21 + (-298)/(-3129).
2, 3
Let i(j) be the third derivative of 11*j**4/24 - j**3/3 + 85*j**2. Suppose -l + 3 = -g + 4*l, g = -4*l + 6. List the prime factors of i(g).
2, 5
Suppose -217 = 2*p - 5*n, 0 = -2*p + p - 5*n - 146. Suppose 0 = -2*w + 5*w + 258. Let q = w - p. List the prime factors of q.
5, 7
Let f(g) = 2*g**2 - 8*g - 11. Let c be -5 + -1*3/(-3). List the prime factors of f(c).
53
Let n(p) = 2*p**3 - 8*p**2 - 11*p + 3. List the prime factors of n(9).
2, 3, 7, 17
Suppose -5*v = 3*r + 35, -3*v = -v + 2*r + 14. Let y(b) = -17*b + 3. Let w be y(v). Let j = w - 72. List the prime factors of j.
2, 5
Let w be 2 + 0 - (-5 - -18). Let h(x) = -x**2 - 15*x - 6. What are the prime factors of h(w)?
2, 19
Suppose -3*c = -u - 1053, u = -5 + 2. What are the prime factors of c?
2, 5, 7
Let h be 244*((-4)/(-2) - (-14 + 10)). List the prime factors of (h/18)/(2/6).
2, 61
Let b(a) = -a**3 - 8*a**2 - 9*a + 8. Let c(s) = s**3 - 11*s**2 - 13*s + 5. Let x be c(12). List the prime factors of b(x).
2, 11
Let h(f) = f**3 - 6*f**2 - 8*f + 10. Suppose 5*w - 5*m = 45, 3*w - 5*m = 6*w - 3. Let r be h(w). Let p = -1 - r. What are the prime factors of p?
37
Suppose 5*f + 10*j - 14625 = 12*j, 5*j - 5850 = -2*f. What are the prime factors of f?
3, 5, 13
Suppose 5*j = -3*m + 6*j + 830, 4*j = 4*m - 1120. List the prime factors of m.
5, 11
Let k = -22 + 12. Let g(m) = 15*m + 1. Let z be g(1). Let p = z + k. List the prime factors of 